(-166)/d*(-4)/(-2) is divided by 28?
27
Suppose 3*g = 3*n - 501, 3*n + 6*g = 3*g + 519. What is the remainder when n is divided by 4?
2
Let k(p) = p - 1. Let b(s) be the third derivative of s**4/2 - 2*s**3/3 + s**2. Let v(h) = -b(h) + 10*k(h). What is the remainder when 5 is divided by v(-4)?
1
Let x(r) = r**2 + 9*r - 17. Suppose -5*t + 5*f + 73 + 297 = 0, 3*f + 9 = 0. What is the remainder when t is divided by x(-12)?
14
Suppose 148 = 5*j + 2*f, 56 = 2*j + 4*f - 0*f. What is the remainder when (-61 - (-2)/1)*-2 is divided by j?
28
Let l be (-2 - -1)/((-5)/10). Suppose -n = 2*g - 3*g - 136, n + 5*g = 112. Suppose 2*s = -l*s + n. Calculate the remainder when 64 is divided by s.
31
Let j(r) = 14*r + 52. Calculate the remainder when j(9) is divided by 18.
16
Let f = 11 + -9. Let x be (-6)/((-2 - 2)/f). Suppose 5*y - 4*s - 95 = 0, -x*y + 3*s + 50 = 2*s. What is the remainder when 27 is divided by y?
12
Suppose 10*k - 1564 = -1144. Let u(c) = 8*c - 2. What is the remainder when k is divided by u(3)?
20
Suppose 5 = -2*w - 3*x, -x - 2*x - 9 = 0. Suppose 3*t = -4*h + 26, 0 = -w*t - 3*t + 4*h + 22. Let n = 3 + t. Calculate the remainder when 17 is divided by n.
8
Suppose i - 141 = -19. Suppose 2*b - 3 = 5. Suppose -i = -5*r + b*s - 5*s, -4*s = 5*r - 113. What is the remainder when r is divided by 7?
4
Suppose 0 = -5*d - 15, 0 = -2*c - d + 46 + 77. Calculate the remainder when c is divided by 6.
3
Let t(z) be the second derivative of 3*z**4/4 + z**2/2 - 8*z. What is the remainder when 59 is divided by t(1)?
9
Suppose -2*h = 0, 0*j + 2*h - 4 = -j. Suppose 0 = -3*d - 3*k + 66, 5*d + j*k - 80 = 33. Suppose -2*s - d = -179. What is the remainder when s is divided by 26?
25
Suppose -22*o + 518 = 78. Let y(d) = -d**3 + d**2 + 5*d - 2. Suppose 5*r = -4*k + 9, -2*k + r = k + 17. What is the remainder when y(k) is divided by o?
18
What is the remainder when (-9 - -10)/(1/18) is divided by 6?
0
Let c be (-1904)/(-85) - 3/(-5). Let x = 43 - c. What is the remainder when 52 is divided by x?
12
Suppose 0*z = -z - 0*z. Suppose z = f + 3*f - 160. What is the remainder when f is divided by 22?
18
Let d(s) = -18*s - 15. What is the remainder when 98 is divided by d(-2)?
14
What is the remainder when ((1*-31)/1)/(-16 + 15) is divided by 11?
9
Let q(m) = -438*m**3 - m**2 + 9*m + 9. Calculate the remainder when q(-1) is divided by 37.
30
Let g = 151 - 131. Calculate the remainder when 52 is divided by g.
12
Let d(a) = -a**2 - 9*a - 6. Let u be d(-10). Let v = -11 - u. Suppose 53 = 2*c + y - 0*y, -21 = -c + v*y. What is the remainder when c is divided by 7?
5
Suppose -2*n = -2*c - 5 - 25, 3*n = c + 17. Calculate the remainder when 26 is divided by (0 - -1*4/(-8))*c.
5
Let w(g) = -93*g + 1. Let c be w(2). Let a = c - -277. What is the remainder when a is divided by 32?
28
Suppose -2*d - 487 = -5*u + 764, -8*u + d + 2006 = 0. Calculate the remainder when u is divided by 69.
44
Let i(h) = -h**3 + 14*h**2 - 22*h + 7. Calculate the remainder when 41 is divided by i(12).
10
Let l be (1/(-3))/((-3)/36). Suppose -l*c + 50 = c. Suppose 0 = -2*z + z + 4, -168 = -4*q - 3*z. What is the remainder when q is divided by c?
9
Let w(r) = -r - 1. Let g be w(-1). Suppose 2*x = -g*x + 48. Let o = x + -5. What is the remainder when o is divided by 7?
5
Let k(z) = z**2 + 64. Let f be k(0). Let d be (4 - 0) + -46 + (2 - 6). Let i = f + d. What is the remainder when i is divided by 7?
4
Suppose -3*r - 81 = -12*r. Calculate the remainder when 22 is divided by r.
4
Let g = 21 + -13. Let a = 63 - 88. What is the remainder when (-640)/a - g/(-20) is divided by 14?
12
What is the remainder when 405 is divided by 7 - -1 - (-4 - 0)?
9
Let x = -1214 - -1311. What is the remainder when 111 is divided by x?
14
Suppose -39*x - 765 = -54*x. Calculate the remainder when 236 is divided by x.
32
Let o = -2288 - -2914. What is the remainder when o is divided by 10?
6
Suppose 94 = 14*a - 12*a. What is the remainder when 233 is divided by a?
45
Suppose 8*s + 5*k = 4*s + 184, 149 = 3*s + k. Calculate the remainder when 145 is divided by s.
43
Let p(g) = g**2 - 8*g + 4. Let u be p(8). Suppose -61 = -3*s - u*c + 12, 3*s - 61 = -c. What is the remainder when 73 is divided by s?
16
Let w(t) = t**3 - 14*t**2 - 16*t + 6. Let d be w(15). Let u(k) = -k**3 - 8*k**2 + 4*k - 18. What is the remainder when 59 is divided by u(d)?
5
Let z(s) = 16*s - 6. Let c = 56 - 54. Let a(r) = 7*r. What is the remainder when z(c) is divided by a(2)?
12
Suppose 2*y = -4*s + 336, -5*s + 4*y + 0*y + 433 = 0. Let t = s - 47. What is the remainder when 150 is divided by t?
36
Let k = 135 + 23. Suppose w - 3*w + k = 0. Suppose -94 = -5*a + 2*t, -3*a - 7*t + 72 = -3*t. Calculate the remainder when w is divided by a.
19
Suppose 0 = -2*n + 3*v + 1854, 3*n - 3*v + 0*v - 2775 = 0. What is the remainder when n is divided by 66?
63
Let r = -150 + 171. Calculate the remainder when r is divided by 11.
10
Let i be -6 + 10 - 93/3. Let h = -6 - i. Let m(z) = -2*z + 2. Calculate the remainder when h is divided by m(-3).
5
Let b = 10 - 8. Suppose -o + 103 = -d, 2*o + 7*d - 2*d - 192 = 0. Calculate the remainder when o is divided by ((-4)/(-3))/(b/39).
23
Suppose -2*a - 2 = -5*a + 5*l, -4*l + 20 = 0. Calculate the remainder when 80 is divided by a.
8
Let d(x) = -x**3 + 12*x**2 + 29*x - 12. Calculate the remainder when 21 is divided by d(14).
1
Suppose -28 = -h - 19. Calculate the remainder when 223 is divided by h.
7
Let w = -90 - -142. Suppose 3*z - 56 = w. What is the remainder when 69 is divided by z?
33
Calculate the remainder when (5 - 66/14) + (-760)/(-35) is divided by 5.
2
What is the remainder when ((-24)/(-8))/((81/372)/9) is divided by 18?
16
Let z be (6/(-15))/((-6)/180). Suppose z = -3*a, -2*g + 7*g + 3*a = 188. Let o = g + 7. Calculate the remainder when o is divided by 17.
13
Suppose -112 = 4*p + 2*s, -4*s + 69 + 7 = -2*p. Let v = 15 + -16. Calculate the remainder when 28 is divided by ((-1)/(-3))/(v/p).
8
Let a(o) = 16*o - 3. Let f be a(-7). Let u = -71 - f. What is the remainder when u is divided by 16?
12
Suppose 0 = 2*f - 5*f + 342. Let o = f - 37. What is the remainder when o is divided by 21?
14
Let a(m) = -44*m**3 + m**2. Let g be 3/1 + -3 + -1. Suppose 4*t = 31 + 33. What is the remainder when a(g) is divided by t?
13
Suppose 2*i = t - 2*i - 54, -251 = -5*t + i. Suppose 3*n - 35 - 17 = 4*h, -2*n + t = 5*h. What is the remainder when 1 + 1/(-2) + 1413/18 is divided by n?
19
Let s = 9 + -6. Suppose -s*z - 2*z - 10 = -2*x, -52 = -4*x + 2*z. Let c = x + -7. Calculate the remainder when 15 is divided by c.
7
Let d(v) = 9*v + 86. Suppose 7*r = -4*r. Calculate the remainder when d(r) is divided by 22.
20
Let v = 10 + -8. Suppose -5*x - v*m + 248 = 0, 2*x + 4*m - 160 = -x. What is the remainder when 9 + -8 - (-2 - x) is divided by 14?
9
What is the remainder when 394 is divided by 63/27*-3 - -16?
7
Let f(j) = -4*j - 100. Calculate the remainder when 167 is divided by f(-27).
7
Suppose 5*z - 7 = v, v + 4*z - 44 = -3*v. Let q(n) = -n**3 + 9*n**2 - 5*n - 15. What is the remainder when 22 is divided by q(v)?
4
Suppose -313 = 3*n + 377. Let v = n + 483. Calculate the remainder when v is divided by 51.
49
Suppose -2*h - 4*r - 16 = 0, 2*h - 10 = 4*h - 2*r. Calculate the remainder when (-10)/h + -2 - (-220)/30 is divided by 2.
1
Let v = -21 + 27. Suppose -v*b + 4*b + 128 = 0. Let w(n) = 21*n**2 + 1. What is the remainder when b is divided by w(-1)?
20
Suppose 0 = 4*a + 20, 3*a - 4*a - 1321 = -4*o. Calculate the remainder when o is divided by 85.
74
Suppose 162 = 7*n - 370. Let a = 127 - 88. What is the remainder when n is divided by a?
37
Let i = 28 - 23. Suppose 3*t + 54 = i*t. What is the remainder when 159 is divided by t?
24
Calculate the remainder when 232 is divided by 504/(-140)*(120/(-9))/1.
40
Suppose -3*v + 204 = -5*r, -5*v = -5*r - 381 + 41. What is the remainder when 259 is divided by v?
55
Calculate the remainder when (84 - 1)/((-10)/70*-7) is divided by 19.
7
Suppose -q - 5*q + 306 = 0. What is the remainder when 864 is divided by q?
48
Let c be (-9 - 0)*(-1144)/12. What is the remainder when (-4)/(-18) + c/27 is divided by 10?
2
Suppose 7*u - 951 = -496. Calculate the remainder when 286 is divided by u.
26
Suppose -2*t + 3*n = t - 72, -